2*v = -g. What are the prime factors of n?
2, 307
Let s(p) = p**3 + 14*p**2 - 15*p + 11. Let m(z) = -z**3 - 7*z**2 + z - 8. Let f be m(-7). Let x be s(f). Suppose x*y - 414 = 81. List the prime factors of y.
3, 5
Suppose -4*z + 1495 = 135. Suppose 8*x - z = 6*x. List the prime factors of x.
2, 5, 17
Let k(l) be the first derivative of 2*l**3/3 - 5*l**2/2 + 15*l - 138. Suppose 0 = -s - 1, -4*u + s + 17 = 4*s. What are the prime factors of k(u)?
2, 5
Let v = 232 + 600. Suppose -2*g - c - 4*c + 1675 = 0, -3*c = -g + v. List the prime factors of g.
5, 167
Let a(z) = 2*z**3 - 6*z**2 + 32*z + 10. Let l be a(-11). Let t = 5463 + l. List the prime factors of t.
1733
List the prime factors of ((-84438)/63 + (-2)/(-7))*460/(-80).
5, 23, 67
Suppose 0 = 5*o + q - 36910, 2*o - 14741 = -36*q + 31*q. List the prime factors of o.
3, 23, 107
Let z be 189/(-9)*22/(-2). Let x = 116 - z. Let q = 165 + x. What are the prime factors of q?
2, 5
Let k(z) = z**3 + 4*z**2 + 4*z + 3. Let j be k(-3). Suppose 3*w + 59 = 4*r + 62, -5*r + 35 = 4*w. Suppose j = r*y - 5*y + 324. What are the prime factors of y?
2, 3
Let y(z) = -24 + 5 - 9*z**2 - 27*z + 0*z**3 + z**3 + 0*z**3 - 2*z**3. What are the prime factors of y(-14)?
13, 103
Suppose 18*i = 12*i + 30. Suppose -2*g + 1359 - 6274 = -i*o, 3*o - 2970 = -3*g. List the prime factors of o.
5, 197
Suppose -4*t + 223 + 160 = -3*l, 4*t + l - 395 = 0. Let p = 746 - t. What are the prime factors of p?
2, 3
Let u = -25767 + 51664. What are the prime factors of u?
19, 29, 47
Suppose -2356*h + 2386*h = 690540. List the prime factors of h.
2, 17, 677
Let w(q) = q**3 + q**2 + 2*q + 2830. Let j be w(0). What are the prime factors of (-15)/(75/j)*1/(-2)?
283
Let m = -227 + 229. Suppose -17*j + m*f - 1197 = -22*j, j - 249 = 2*f. List the prime factors of j.
241
Suppose 5*v - 96078 - 159975 = 62517. What are the prime factors of v?
2, 3, 7, 37, 41
Suppose -8 = -2*p + 5*f - 7*f, 0 = 3*p + 2*f - 11. Suppose -3*t + 2082 = -p*r, -2*r + 10 = 20. What are the prime factors of t?
13, 53
Let a(p) = 5*p - 29. Let q be a(21). Let f = q - 80. What are the prime factors of (f - -3) + 2 + 77?
2, 3, 13
Suppose -63168 = -56*k + 22624. What are the prime factors of k?
2, 383
Let i be (3/(-9))/(3/(-3438)) - -3. Let w = -145 + i. List the prime factors of w.
2, 3, 5
Let b(o) = 2*o**2 + 5*o - 4. Let w be b(-3). Let d be (4 + -4 - 1)*(3 + w). What are the prime factors of 1/(10/(-55))*d/1?
11
Suppose -29*p + 5*j = -33*p + 20778, p - 5201 = 2*j. What are the prime factors of p?
5197
Let q(w) = -9*w + 133. Let m be q(15). List the prime factors of (800/320)/(2*m/(-2824)).
5, 353
Let a = 133 + -217. What are the prime factors of -3*(-8)/a - 4768/(-28)?
2, 5, 17
Suppose 4*v = 2*k - 46818, -54*k + 23412 = -53*k + v. What are the prime factors of k?
41, 571
Suppose 21501 - 1791 = -10*g. What are the prime factors of g/(-4) - (-39)/(-52)?
2, 3, 41
Suppose -i + 3*a = 3*i + 15, a = -i + 5. Suppose 0 = g - i*g - 133. Suppose -g = -3*s + 5*h, s + 0*h - 11 = -5*h. What are the prime factors of s?
2, 3
Let g(c) = c**2 - 24*c + 26. Let k be g(23). Suppose -n = f - 398, -6*f = -k*f - 6. What are the prime factors of n?
2, 3, 11
Let u(g) = 2789*g + 6. List the prime factors of u(1).
5, 13, 43
Suppose -49*l + 48*l - 3*q + 11734 = 0, 11739 = l + 2*q. List the prime factors of l.
31, 379
Let f be ((0 - 13) + 1)*(6 + 7). Let w(p) = p**2 + 15*p - 13. Let m be w(-27). Let u = f + m. What are the prime factors of u?
5, 31
Suppose 0 = -3*b + b + 52. Let k = b + -25. List the prime factors of ((-876)/(-12))/(k/1).
73
Let p = -11512 - -20128. What are the prime factors of p?
2, 3, 359
Suppose 2*b - 221 + 15 = 0. Let n = b - -299. List the prime factors of n.
2, 3, 67
Let c = -90 + 114. List the prime factors of (c/4 - -13)*37.
19, 37
Suppose 2*f = 5*z + 133 + 446, -3 = -3*z. Let n = -155 + f. What are the prime factors of (-40)/10 - n*(0 - 1)?
7, 19
Let z be 0 + (-3)/(-9) + 7045/15. Suppose 2*y + z = 3*y. What are the prime factors of y?
2, 5, 47
Let w(x) = -3540*x - 68. List the prime factors of w(-2).
2, 1753
Let z(l) = -l**3 + 13*l**2 - 32*l + 20. Let v be z(10). Suppose -5*s + 5*x = -1015, 5*s + v*x = -3*x + 1047. What are the prime factors of s?
3, 23
Suppose 2*o - 6 + 14 = 0. Let l(g) = -g**3 - 3*g**2 + 3*g - 1. Let z be l(o). Suppose -z*p - 36 = -195. What are the prime factors of p?
53
Let l be -1*(-3 + -161 - -1). Let i = l + -93. List the prime factors of i.
2, 5, 7
Let j = 587 - 582. Suppose 692 = -3*f + j*f. List the prime factors of f.
2, 173
Suppose -29*y = 4 + 83. Suppose 4*u + u - 5 = 0. What are the prime factors of (y + 1 - -15)/u?
13
Suppose 72*n = -i + 67*n + 70722, n = 3*i - 212038. List the prime factors of i.
2, 59, 599
Let l = 8064 + 17338. List the prime factors of l.
2, 13, 977
Suppose -4*u - 4*f = -236, -37 = -u - 2*f + 17. List the prime factors of -7 + 8 + u/(4/2).
3, 11
Suppose 0 = -18*w - w - 1840 + 23785. What are the prime factors of w?
3, 5, 7, 11
What are the prime factors of ((-11316)/24 - (0 + 0))*(0 - 16)?
2, 23, 41
Let q = -70358 - -132097. What are the prime factors of q?
107, 577
Let w(x) = -x + 17. Let i be w(11). Suppose -2*a - 3*a = -135. Let z = i + a. List the prime factors of z.
3, 11
Let d(n) = -452*n + 7379. List the prime factors of d(-40).
7, 3637
Let g be (-114)/(-4)*116/174. Suppose g*x + 4532 = 30*x. List the prime factors of x.
2, 103
Let a(y) = -8*y**2 - 11*y - 93. Let s(g) = -24*g**2 - 34*g - 278. Let w(c) = 14*a(c) - 5*s(c). What are the prime factors of w(-10)?
2, 7, 13
Suppose -20*s - k = -18*s - 6093, -15227 = -5*s + 3*k. What are the prime factors of s?
2, 1523
Let w be ((-6)/9)/((-1)/(-99)). Let l = w + 70. Suppose l*b - 232 = 4. What are the prime factors of b?
59
Let k = 513 - 261. Let q = k + -142. List the prime factors of q.
2, 5, 11
Let w(g) = 17*g + 92. Let m be w(-4). Suppose 3*n = -2*f + 24, 10*n + m = 2*f + 7*n. What are the prime factors of f?
2, 3
Suppose 634*f + z + 364878 = 639*f, -4*z = 5*f - 364863. List the prime factors of f.
3, 5, 7, 139
Suppose i + 2496 = 5*i. Let u = 862 + -860. Suppose -3*c - r = -i, u*c - 4*c + 408 = -2*r. What are the prime factors of c?
3, 23
Let b = 46 - 19. Let p = b - 27. Let m = 43 + p. List the prime factors of m.
43
Let f(y) = 9969*y - 642. What are the prime factors of f(5)?
3, 7, 11, 71
Suppose -106 = -353*y + 352*y. List the prime factors of 2*y/4*1.
53
Let l = -62 + 70. Let b(o) = o**3 - 7*o**2 - 10*o + 20. Let g be b(l). Suppose 0 = g*j + 2*j - 846. List the prime factors of j.
3, 47
Let o = -3709 - -2385. Let f = -896 - o. Let r = f + -276. List the prime factors of r.
2, 19
Suppose -4*j + 2*z + 2498 + 1130 = 0, 5*z = -4*j + 3656. Suppose 0 = -7*b - j + 5060. List the prime factors of b.
593
Let w = -17 - -17. Suppose -4*k + 12 - 4 = w. Suppose -2*r = -7*r + k*q + 266, -158 = -3*r + 2*q. What are the prime factors of r?
2, 3
Suppose 2*r + 3*i = 64, r = -2*r + 2*i + 122. Let z be 4/(-22) + ((-184)/(-44) - 4). Suppose l + 4 = 0, x + 0*x + l - r = z. What are the prime factors of x?
2, 3, 7
Suppose 6196160 = -84*o + 373*o. List the prime factors of o.
2, 5, 67
Let y be (-3)/(-12)*0 + -40. Let x = 226 - y. What are the prime factors of x?
2, 7, 19
Suppose -w = -5*j + 1235, -4*j + 5*w - 581 = -1569. Let d = 811 - j. What are the prime factors of d?
2, 3, 47
Let l(n) = -n**3 + 15*n**2 + 30*n - 11. Let p be l(17). Let j = 83 + p. Suppose -5*x - 3*r = -21, 5*x + 11 = 6*x + j*r. What are the prime factors of x?
3
Let m = -41 - -47. Suppose -m*u - 14 = 10. Let v = 14 + u. What are the prime factors of v?
2, 5
Let d(k) be the third derivative of -11*k**5/40 - 17*k**4/24 + 10*k**3/3 - 2*k**2. Let g(p) be the first derivative of d(p). List the prime factors of g(-4).
5, 23
Let p = -2018 + 1264. Let r = 1956 + p. List the prime factors of r.
2, 601
Let c be -3 - -2 - 5/10*-3158. Suppose -3*o = -5*o + c. Suppose 0 = -4*l + 5*i + o, -l - 3*l + 3*i = -779. List the prime factors of l.
191
What are the prime factors of ((-54771)/(-2) - 7) + (21/6)/1?
2, 13691
Let b(u) = u**3 - 18*u**2 + 14*u + 13. Let v be b(20). Suppose -4*k - 1506 = -3*q, 2*q + 2*k - v = -75. List the prime factors of q.
2, 11, 23
Let l(s) = s**2 - 1. Let q be l(1). Let r(f) = 73*f + 15*f + 2 + q*f. List the prime fa